) to base 2
-1100101100111110010101
-10000101100111011100010 (base 2) to base 16
-42cee2
-2168cb (base 15) to base 16
-184940
What is -12030 (base 13) in base 7?
-165123
What is 1011600 (base 7) in base 9?
203486
-1a6c54 (base 15) to base 10
-1288654
Convert -1146514 (base 8) to base 13.
-b0319
Convert -23270a (base 13) to base 14.
-179c52
-2444778 (base 9) to base 5
-320011001
2329ac (base 14) to base 6
41403404
Convert -11011222201210 (base 3) to base 6.
-115400120
Convert -5ddab (base 15) to base 9.
-506568
What is 135a304 (base 14) in base 15?
c4e3d0
What is -33111332 (base 6) in base 15?
-148162
Convert 52249 (base 10) to base 7.
305221
What is -582 (base 15) in base 6?
-5435
525052405 (base 6) to base 3
122022022200112
Convert 2030313223 (base 4) to base 14.
1103c7
What is a88a0 (base 13) in base 9?
513830
What is 2121891 (base 10) in base 6?
113251323
Convert 11222310221 (base 4) to base 7.
15426500
What is 3717736 (base 9) in base 3?
10210121211020
Convert -84007 (base 10) to base 2.
-10100100000100111
Convert 8d185 (base 15) to base 4.
1231223021
-1000001100001001010 (base 2) to base 11
-173696
What is 1201110201000 (base 3) in base 13?
26043c
Convert -23953b (base 13) to base 15.
-11b80c
What is aaa6 (base 14) in base 16?
736a
What is 161a84 (base 11) in base 15?
4e7da
What is -162485 (base 14) in base 16?
-bd235
Convert 475944 (base 10) to base 16.
74328
Convert -b8b801 (base 12) to base 8.
-13115301
Convert -3e0b05 (base 16) to base 12.
-1441059
What is -45423423 (base 6) in base 8?
-5226007
What is -1acbd0 (base 15) in base 8?
-4774173
What is 3045708 (base 9) in base 3?
10001112210022
-120470 (base 9) to base 11
-4a572
What is -522518 (base 9) in base 6?
-10352155
12321302211 (base 4) to base 16
1b9ca5
Convert 27881 (base 13) to base 5.
4331313
Convert 30320201013 (base 4) to base 10.
3377223
-3be626 (base 15) to base 14
-550c60
-1242014 (base 6) to base 16
-108fa
Convert 10101010010111100 (base 2) to base 11.
5a599
Convert 477203 (base 9) to base 4.
1012022133
What is -152113132 (base 7) in base 11?
-57a4a16
What is -2c34 (base 15) in base 2?
-10010100011011
3304315 (base 6) to base 12
7b09b
Convert 552a80 (base 11) to base 9.
1584406
What is -58351 (base 10) in base 2?
-1110001111101111
What is -2d97c (base 15) in base 10?
-147267
What is -3c78ad (base 14) in base 12?
-850741
-502030 (base 6) to base 14
-10494
What is -21750 (base 15) in base 6?
-2140003
Convert b07a2 (base 12) to base 5.
24313401
-3314003 (base 6) to base 7
-1256250
1316684 (base 10) to base 3
2110220011002
What is -1232022543 (base 6) in base 12?
-4991a53
Convert 402451 (base 6) to base 4.
13233133
Convert -110000101110111101 (base 2) to base 16.
-30bbd
-95425 (base 11) to base 16
-21eb7
Convert -101110001001101011101 (base 2) to base 9.
-2754416
11202000020102 (base 3) to base 13
6a2ab2
10001110010100000 (base 2) to base 7
422301
Convert 120202001010012 (base 3) to base 14.
117ac1c
Convert 11823039 (base 10) to base 5.
11011314124
-4a972 (base 12) to base 10
-101606
Convert 212002220 (base 3) to base 7.
100053
What is -352720 (base 12) in base 2?
-11010000101010001000
Convert -5110164 (base 7) to base 12.
-253710
What is -244454330 (base 6) in base 8?
-21743656
Convert -12431 (base 8) to base 7.
-21514
Convert -1002102010122010 (base 3) to base 7.
-246601200
What is -1230000 (base 5) in base 3?
-1012120122
Convert -290c1d (base 16) to base 15.
-3820d7
Convert 215372 (base 9) to base 11.
886a0
13129a4 (base 12) to base 10
3758092
What is 68a735 (base 13) in base 15?
33e9b3
What is -752276 (base 9) in base 3?
-211202022120
What is 374735 (base 8) in base 13?
46c38
-3452730 (base 9) to base 16
-1c76a0
What is -bb6d1 (base 14) in base 6?
-13422223
-26372 (base 11) to base 14
-da58
-342125 (base 8) to base 16
-1c455
What is -1573324 (base 8) in base 2?
-1101111011011010100
-13302022 (base 5) to base 15
-29d5c
Convert -266740 (base 8) to base 10.
-93664
Convert 1110000111000110011101 (base 2) to base 7.
43304360
6702207 (base 8) to base 4
12320102013
What is 142b11 (base 14) in base 6?
22552443
-622071 (base 11) to base 8
-3635670
What is 372c58 (base 16) in base 14?
6a1a1a
What is 4251215 (base 7) in base 10?
516668
-565001 (base 7) to base 10
-100157
What is -e798 (base 15) in base 4?
-23331020
16413111 (base 8) to base 5
1433304133
What is a7112 (base 11) in base 13?
55c34
What is 345152 (base 6) in base 8?
71734
What is -214e (base 16) in base 10?
-8526
Convert 103a02 (base 11) to base 4.
220211300
cc0db1 (base 14) to base 6
404133503
13185c5 (base 14) to base 2
100011000111001100110001
-10c136 (base 14) to base 15
-b42b6
What is 1014464 (base 7) in base 8?
355500
Convert 1100011010100101100 (base 2) to base 15.
8081d
Convert 3356461 (base 7) to base 16.
65f86
-111021020012 (base 3) to base 15
-5259e
Convert 20001111012 (base 3) to base 13.
4232c
What is -9a08a (base 11) in base 14?
-3ac9b
Convert 110100100011110100 (base 2) to base 10.
215284
What is 11333515 (base 8) in base 12?
9b24b9
Convert -100110110010110 (base 2) to base 9.
-30218
11d56a (base 15) to base 3
1121102222101
What is -1055155 (base 7) in base 12?
-640aa
What is -64451 (base 10) in base 2?
-1111101111000011
Convert -9bb75 (base 13) to base 15.
-58d81
Convert 422707 (base 9) to base 5.
31020400
What is 24111141 (base 5) in base 13?
7a477
Convert 21110 (base 13) to base 10.
59501
Convert -9de787 (base 16) to base 15.
-d962ed
-3022210032 (base 4) to base 15
-115c90
-2024522 (base 7) to base 11
-155688
-753902 (base 11) to base 6
-41501410
What is -4de8a8 (base 15) in base 3?
-21001020221112
What is -1045005 (base 9) in base 6?
-20010435
Convert -2221220001012 (base 3) to base 15.
-210dc5
Convert -323002313 (base 4) to base 14.
-641cb
-300531243 (base 6) to base 5
-2300110211
Convert b06cb (base 14) to base 11.
26a562
9754 (base 13) to base 4
11020201
-13331013311 (base 4) to base 12
-846985
Convert -11110011001100010 (base 2) to base 10.
-124514
Convert -21334042 (base 5) to base 6.
-3534115
What is -1303331 (base 5) in base 15?
-782b
-20020021001221 (base 3) to base 7
-40102453
Convert -826ab (base 12) to base 4.
-221211203
-217722 (base 10) to base 12
-a5bb6
-2887009 (base 10) to base 13
-7a10b8
What is -1981398 (base 10) in base 5?
-1001401043
4ba26a (base 12) to base 14
244402
What is -70728 (base 9) in base 3?
-2100210222
What is -412131 (base 10) in base 9?
-687303
1101111110010011 (base 2) to base 4
31332103
What is 1554a (base 13) in base 5?
2243303
What is -152495 (base 16) in base 11?
-867046
Convert 1a6cd (base 14) to base 12.
32a91
-1202535 (base 6) to base 3
-10012012112
-41d907 (base 16) to base 13
-b812ba
-11101100101111110 (base 2) to base 4
-131211332
Convert 2563280 (base 9) to base 8.
5256152
What is -140732 (base 8) in base 7?
-264453
What is -444090 (base 10) in base 3?
-211120011210
What is 1002020012 (base 4) in base 13?
9638c
4320451 (base 6) to base 13
75a90
Convert -13b22 (base 12) to base 3.
-1101202122
What is -b0a8cd (base 14) in base 6?
-331232153
Convert -13820a (base 12) to base 6.
-10545214
Convert 5351f7 (base 16) to base 2.
10100110101000111110111
Convert -b3278 (base 12) to base 13.
-8247b
What is -11832728 (base 9) in base 4?
-112022012120
-954b (base 16) to base 5
-2210334
2a0a (base 12) to base 9
6651
What is -122a852 (base 12) in base 3?
-20200000220222
What is -10695 (base 15) in base 14?
-14dc7
What is 481870 (base 9) in base 2?
1000110110101001100
What is 535501 (base 6) in base 7?
242236
What is 103231012 (base 4) in base 2?
10011101101000110
What is -31001152 (base 6) in base 10?
-886748
156370 (base 9) to base 7
551304
Convert -212112222 (base 3) to base 4.
-10030103
Convert -1509158 (base 11) to base 4.
-21320010303
What is 11201010120 (base 3) in base 2?
10110101000000111
What is -446562 (base 7) in base 8?
-232513
1803059 (base 14) to base 9
24246023
What is -256681 (base 12) in base 11?
-389346
What is 100000101001110001100 (base 2) in base 11?
670975
Convert 58b51 (base 16) to base 15.
729d0
What is 12022111122 (base 3) in base 9?
168448
-23330310210 (base 4) to base 8
-13746444
What is -9300421 (base 10) in base 14?
-134151b
What is 220200101022 (base 3) in base 10?
485792
-24023200 (base 5) to base 6
-4420253
11001110001110000111 (base 2